is the units digit of 1/(14/(-16) + w)?
8
Suppose 0 = o + 1 - 7. What is the units digit of o?
6
Let f be (2 - (-7)/(-3))*3. What is the units digit of 2/2 - f/1?
2
Suppose 2*v - 32 = l + 3*l, 0 = v + l - 10. What is the tens digit of v?
1
Let v = 18 + -26. Let q(x) = -x**3 + 4*x**2 - 4*x + 3. Let z be q(4). Let g = v - z. What is the units digit of g?
5
Suppose o + 12 = 4*o. Let n be 14/o + (-6)/(-4). Let m = n - 0. What is the units digit of m?
5
Let m(v) = 3*v**2 - 8. Let n(c) = 4*c**2 - 9. Let b(z) = 7*m(z) - 6*n(z). Let k(h) = -h**2 + h - 1. Let y(j) = -b(j) + 4*k(j). What is the units digit of y(3)?
1
Let j(f) = 8*f - 2. Let x be j(7). Let q = x + -34. What is the tens digit of q?
2
Let v = 21 + -3. What is the units digit of v?
8
Suppose 4*g + 19 = z, 4*g - 41 = -5*z + 6. What is the units digit of z + -1 + (-5 - -5)?
0
Let g(a) = a - 3. What is the units digit of g(7)?
4
Let x = -15 + 30. What is the units digit of x?
5
Suppose -24 = p - 5*p. Suppose -p*q + 66 = -2*q - 3*x, 5*q - 73 = -x. What is the units digit of q?
5
Let o = -1 - 3. Let z = 1 - o. Suppose 0 = 4*p - b - 87, z*p + 2*b = -2*b + 93. What is the tens digit of p?
2
Let x(b) = b**3 + 6*b**2 + 7*b + 8. Let p be x(-6). Suppose 5*z + 25 + 60 = 5*q, -4*z + q = 80. Let g = z - p. What is the tens digit of g?
1
Let w = 8 + -6. Suppose -a = w*a + 21. Let v(b) = b**2 + 6*b + 6. What is the tens digit of v(a)?
1
Let h(z) = 4*z**3 + 2*z**2 - 3*z**2 + z**3. Let n be h(1). What is the units digit of 1/4 - (-19)/n?
5
Let z = 5 - 2. Suppose 5*s - y = -0*y + 15, -s - 11 = -z*y. What is the units digit of s?
4
Suppose 2*h - 6 = 5*h. Let j(g) = -g**3 - 3*g**2 - g + 4. Let r(x) = -3*x**3 - 10*x**2 - 3*x + 12. Let n(y) = h*r(y) + 7*j(y). What is the units digit of n(0)?
4
Let o = 83 + -19. What is the units digit of o?
4
Suppose 5*y - 238 = 62. What is the units digit of y?
0
Suppose 0*h = 6*h - 186. What is the units digit of h?
1
Let s(z) = -z**3 + 2*z**2 + 5*z - 3. Let t(h) = 2*h - 7. Let m be t(5). Let v be s(m). Suppose -5*b + 9 = v*n, -5*b + 9 + 6 = 5*n. What is the units digit of n?
3
Let q(j) = j**3 - 12*j**2 - 7*j + 16. What is the units digit of q(13)?
4
Let i be (-57)/(-21) + 4/14. Let d = -6 - -10. Suppose d*y - 5*b + 21 = 0, i*b + 4 = -y + 4*b. What is the units digit of y?
1
Let q = -281 + 463. What is the units digit of q?
2
Let f(i) = -i + 10. Let t be f(0). Let u be 4/t + (-4)/10. Suppose -2*h + 4*h - 18 = u. What is the units digit of h?
9
Suppose 2*u = -j + 14, 5*u + 2*j - 25 - 8 = 0. Suppose -u*k + 19 = -1. Suppose -8 = k*f - 28. What is the units digit of f?
5
Let r(f) = f + 1. Let y = -9 - -16. What is the units digit of r(y)?
8
Let r(a) = -22*a - 51. What is the hundreds digit of r(-14)?
2
Suppose 2*w + w = 3*d - 15, 5*w = -2*d - 46. What is the tens digit of (0 - -2)/(w/(-128))?
3
Let r(n) = 397*n**2 + 7*n - 5. What is the units digit of r(1)?
9
Let x(b) = b**2 + 10*b + 9. Let z be x(-9). Suppose -4*p + z*p = 0. What is the units digit of 1/(2/8) + p?
4
Let s(l) = l**3 + 3*l**2 + 2*l. Let b(d) = 0*d - 1 - 2*d**3 - 7*d**2 - d - 4*d - d**3. Let v(k) = 2*b(k) + 5*s(k). What is the units digit of v(-2)?
0
Suppose -v = 5*b + 14, 3*v - v - 2*b = 8. Suppose -v - 7 = -4*m. Suppose -m*p - 1 = -11. What is the units digit of p?
5
Let l = 84 - 52. What is the tens digit of l?
3
Let k be (8/12)/(2/(-39)). Let w = k - -35. What is the units digit of w?
2
Let h be 0*((-10)/4 + 2). Suppose -4*s + 8 = 0, h*s - s - 6 = -a. Suppose -t + a = 3*t. What is the units digit of t?
2
Suppose -5*q = 1 + 4. Let j = q - -1. What is the units digit of (1 + j)*5 - -1?
6
What is the tens digit of 24/156 + 1883/13?
4
Let u be 4/14 - 78/(-21). Suppose 5*i = u*i. Let z = i - -6. What is the units digit of z?
6
Suppose 5*x - 4*g + 44 = 0, -g - 8 = -x + 4*g. Suppose -7*h - 31 = -4*h + 5*f, 0 = 5*h - 2*f. Let m = h - x. What is the tens digit of m?
1
Suppose -4*k = 4*j + 4, -5*j + 5*k + 25 = 4*k. Suppose -20 = -4*o + 4*i - 3*i, -i = j. What is the units digit of o?
4
Suppose -172 - 53 = -z. What is the hundreds digit of z?
2
Let l(d) = d**2 + 8*d - 22. What is the units digit of l(-22)?
6
Suppose -85 - 11 = -3*d. Let r = d - 15. What is the units digit of r?
7
Let d(q) = -2*q**2. Let m be d(2). Let o(i) = -i + 1. Let j be o(2). What is the units digit of (-8)/j*(9 + m)?
8
Suppose 8*m - 956 - 628 = 0. What is the tens digit of m?
9
Let k(d) be the first derivative of -d**4/4 + 2*d**3 + 3*d - 2. Suppose 0 = -2*f - 1 + 13. What is the units digit of k(f)?
3
Suppose 0 = 160*p - 158*p - 12. What is the units digit of p?
6
Let b(r) = -r**2 + 12*r + 10. Let f be b(12). Suppose f = -5*t, 0*u + 5*t - 9 = -u. What is the tens digit of u?
1
Suppose 0 = -3*s + 6*s - 12. Suppose 0 = 4*c - 4*t - s, 5*t = 2*c - 0*c - 2. What is the units digit of c?
1
Let r be (2/4)/((-7)/(-28)). Suppose r*f + 4*l - 32 = 0, 0 = 4*f + f + 2*l - 96. What is the units digit of f?
0
Let q(u) = u**3 - 6*u**2 - 2*u - 9. Let y = 14 - 7. What is the tens digit of q(y)?
2
Suppose -36 = -5*y + y. What is the tens digit of 6/y - 124/(-12)?
1
Let h = 15 - 7. What is the tens digit of (4 - (-5 - -4))*h?
4
Let o(p) = p**3 + 3*p**2 - p + 1. Let a be o(-2). Let j(k) = -2*k + 15. What is the units digit of j(a)?
1
Suppose 5*o + 73 = 168. What is the units digit of o?
9
Let o(w) = 6*w + 8. What is the units digit of o(4)?
2
Suppose -4*h = -h. Let d(x) = -2*x**3 - x**2 + 19. What is the tens digit of d(h)?
1
Suppose -1 = 4*o + 4*j + 11, 2*j + 6 = 0. Let q(a) = 2*a - 3*a - 5 + o*a. What is the units digit of q(-7)?
2
Let u be ((-12)/(-9) - 2)*9. Let w = u - 4. Let v = -6 - w. What is the units digit of v?
4
Let b(f) = f**3 - 3*f**2 + f - 2. Let j be 26/4 + 39/(-26). What is the tens digit of b(j)?
5
Let j = 29 + -15. What is the units digit of ((-2)/(-2) - -2) + j?
7
Let k = -7 - -11. Let c(j) = 3*j**3 + 7*j**2 + 2*j - 2. Let g(l) = -4*l**3 - 8*l**2 - l + 2. Let u(r) = 5*c(r) + 4*g(r). What is the units digit of u(k)?
6
Suppose 0 = 3*w - 59 - 70. Let a = w - 29. Suppose -2*r - a = -4*r. What is the units digit of r?
7
Let z(j) = j**3 - j + 8. Let w be (-4)/2 + (-2 - -3). Let o = w - -1. What is the units digit of z(o)?
8
Let n(w) = 10 + 2 + 4*w - 5*w. What is the units digit of n(0)?
2
What is the units digit of (-62)/(-22) - (-4)/22?
3
Suppose 3*l = -4*g + 17, -l + 10 = -5*g - 2. Suppose -5 = -f + l. What is the tens digit of f?
1
Suppose 4*g = 88 + 28. What is the units digit of g?
9
Let n(v) = -v**3 - 8*v**2 + v + 4. Let r be n(-8). Let i(m) = m + 9. Let q be i(r). Suppose q*h - 9*h + 36 = 0. What is the units digit of h?
9
Let n = 6 + -3. Suppose 3*r - 21 = -3*g, n*r - 2*r + 2*g = 11. Suppose -8 = -3*k + r*d + 1, -5*k + d + 27 = 0. What is the units digit of k?
6
Suppose 4*i - 52 = -3*a + 3*i, 3*a - i - 56 = 0. What is the tens digit of a?
1
Let q = 0 - -2. Suppose -5 = -a - 3*a + 5*c, q*a + 4*c = 22. Suppose -s = 3*p + 5, -5 = -0*s + 5*s + a*p. What is the units digit of s?
1
Suppose 0 = -6*f + 3*f + 144. What is the tens digit of f?
4
What is the tens digit of 61 - ((-12)/2 + 3)?
6
Let t be (-4)/10 + (-242)/(-55). Suppose t*x + 112 = 4*h, -h + 8 = 2*x - 23. What is the tens digit of h?
2
Let g be (3/(-6))/(2/(-224)). Let o = g + -38. Let y = o - 11. What is the units digit of y?
7
Suppose 4*k + 0*k = -3*h + 47, -4*h + 12 = -k. What is the units digit of k?
8
Let a(x) = 3*x + 9. Let c be a(-7). Let k be 2/6 - 164/c. Let l = 21 - k. What is the units digit of l?
7
What is the tens digit of (65/15 - 5)/((-2)/738)?
4
Let i = 114 - 73. What is the tens digit of i?
4
What is the tens digit of 54/(-4)*(-1 + -1)?
2
Let p be 8/36 - 338/(-18). Let k = 32 - p. Suppose -3*u - 4*g + k = 2, u = -g + 4. What is the units digit of u?
5
Let l = 4 - 1. Suppose 5*r + x - 46 = 0, -3*r - l*x + 39 = r. What is the units digit of r?
9
Let y(w) = w - 1. Let i be y(5). Suppose 1 = -u - 3*k + 21, -3*k + 35 = i*u. What is the units digit of u?
5
Let g(p) = -p**3 + 2*p**2 - p + 2. Let f be g(2). Suppose f*x = -5*x. What is the units digit of 2 + 6 + x/(-1)?
8
What is the units digit of (1/(-1)*-1)/(18/1404)?
8
Suppose 20 = -b - 10. Suppose 3*n - 4*w = -w - 63, 5*n - w = -105. Let c = n - b. What is the units digit of c?
9
Let f be 21/(-28)*8/(-3). Suppose -3 - 3 = 3*d. Wh